{"id":10,"date":"2014-10-24T10:38:15","date_gmt":"2014-10-24T08:38:15","guid":{"rendered":"http:\/\/www.animaliliberi.org\/site\/?page_id=10"},"modified":"2021-05-12T17:18:26","modified_gmt":"2021-05-12T15:18:26","slug":"cosa-sono-i-santuari","status":"publish","type":"page","link":"https:\/\/www.animaliliberi.org\/site\/cosa-sono-i-santuari\/","title":{"rendered":"Cosa sono i santuari"},"content":{"rendered":"<p><img decoding=\"async\" class=\"aligncenter\" src=\"http:\/\/www.animaliliberi.org\/site\/wp-content\/uploads\/2021\/05\/carezze.jpg\" alt=\"\" \/><\/p>\n<p>Un santuario \u00e8 un luogo di accoglienza per animali ex-da reddito in cerca di una casa, che nasce quindi in risposta ad una emergenza. Si trovano infatti rifugiati all&#8217;interno della struttura generalmente cavalli, asini, mucche, maiali, capre, pecore, galline, anatre, e tutte le altre specie che l&#8217;uomo ha creato e selezionato solo per un proprio obiettivo, un proprio utilizzo, peggiorando sempre\u00a0la loro qualit\u00e0 di vita, oltre che privandoli della libert\u00e0.<\/p>\n<p>Durante i processi di evoluzione sociale ed economica iniziati con il passaggio dalla vita nomade a quella sedentaria, l&#8217;essere umano ha pian piano sottratto alla vita libera animali selvatici e li ha \u201caddomesticati\u201d, modificando il proprio corpo, uccidendo la loro vitalit\u00e0, rendendoli cos\u00ec pi\u00f9 produttivi rispetto alle proprie esigenze. Ecco che sono stati creati i cani dai lupi, i maiali dai cinghiali, le galline domestiche da quelle selvatiche, e cos\u00ec via.<\/p>\n<p>Fortunatamente sempre pi\u00f9 persone mettono in discussione questo approccio egocentrico e antropocentrico, preferendone uno pi\u00f9 ecocentrico e biocentrico. L&#8217;uomo non pi\u00f9 padrone del pianeta e di tutte le sue risorse, ma parte di questo ecosistema ed in equilibrio con le sue leggi.<\/p>\n<p>Il risultato di questo cambiamento, di questa riconversione di vita, produce dei risultati, e uno dei pi\u00f9 importanti \u00e8 di riuscire a salvare un numero sempre maggiore di animali non umani altrimenti destinati ad una morte ingiusta.<\/p>\n<p><strong>Dove vanno a finire tutti questi individui?<\/strong><\/p>\n<p>Tanti in piccoli luoghi a gestione familiare, ma la maggior parte vengono accolti nei santuari, cercando di far vivere loro una vita degna di essere chiamata in questo modo.<\/p>\n<p>Un luogo per essere un santuario, deve ovviamente rispondere a certi requisiti ed \u00e8 per questo che \u00e8 stata sviluppata la \u201c<a href=\"http:\/\/www.animaliliberi.org\/site\/carta-dei-valori\/\">Carta dei Valori<\/a>\u201d.<\/p>\n","protected":false},"excerpt":{"rendered":"<p>Un santuario \u00e8 un luogo di accoglienza per animali ex-da reddito in cerca di una casa, che nasce quindi in risposta ad una emergenza. Si trovano infatti rifugiati all&#8217;interno della struttura generalmente cavalli, asini, mucche, maiali, capre, pecore, galline, anatre, e tutte le altre specie che l&#8217;uomo ha creato e selezionato solo per un proprio obiettivo, un proprio utilizzo, peggiorando sempre\u00a0la loro qualit\u00e0 di vita, oltre che privandoli della libert\u00e0. Durante i processi di evoluzione sociale ed economica iniziati con il passaggio dalla vita nomade a quella sedentaria, l&#8217;essere umano ha pian piano sottratto alla vita libera animali selvatici e li ha \u201caddomesticati\u201d, modificando il proprio corpo, uccidendo la loro vitalit\u00e0, rendendoli cos\u00ec pi\u00f9 produttivi rispetto alle proprie esigenze. Ecco che sono stati creati i cani dai lupi, i maiali dai cinghiali, le galline domestiche da quelle selvatiche, e cos\u00ec via. Fortunatamente sempre pi\u00f9 persone mettono in discussione questo approccio egocentrico e antropocentrico, preferendone uno pi\u00f9 ecocentrico e biocentrico. L&#8217;uomo non pi\u00f9 padrone del pianeta e di tutte le sue risorse, ma parte di questo ecosistema ed in equilibrio con le sue leggi. Il risultato di questo cambiamento, di questa riconversione di vita, produce dei risultati, e uno dei pi\u00f9 importanti \u00e8 di riuscire a salvare un numero sempre maggiore di animali non umani altrimenti destinati ad una morte ingiusta. Dove vanno a finire tutti questi individui? Tanti in piccoli luoghi a gestione familiare, ma la maggior parte vengono accolti nei santuari, cercando di far vivere loro una vita degna di essere chiamata in questo modo. Un luogo per essere un santuario, deve ovviamente rispondere a certi requisiti ed \u00e8 per questo che \u00e8 stata sviluppata la \u201cCarta dei Valori\u201d.<\/p>\n","protected":false},"author":1,"featured_media":0,"parent":0,"menu_order":2,"comment_status":"closed","ping_status":"open","template":"","meta":{"footnotes":""},"class_list":["post-10","page","type-page","status-publish","hentry"],"yoast_head":"<!-- This site is optimized with the Yoast SEO plugin v27.4 - https:\/\/yoast.com\/product\/yoast-seo-wordpress\/ -->\n<title>Cosa sono i santuari - Rete dei Santuari di Animali Liberi in Italia<\/title>\n<meta name=\"robots\" content=\"index, follow, max-snippet:-1, max-image-preview:large, max-video-preview:-1\" \/>\n<link rel=\"canonical\" href=\"https:\/\/www.animaliliberi.org\/site\/cosa-sono-i-santuari\/\" \/>\n<meta property=\"og:locale\" content=\"it_IT\" \/>\n<meta property=\"og:type\" content=\"article\" \/>\n<meta property=\"og:title\" content=\"Cosa sono i santuari - Rete dei Santuari di Animali Liberi in Italia\" \/>\n<meta property=\"og:description\" content=\"Un santuario \u00e8 un luogo di accoglienza per animali ex-da reddito in cerca di una casa, che nasce quindi in risposta ad una emergenza. Si trovano infatti rifugiati all&#8217;interno della struttura generalmente cavalli, asini, mucche, maiali, capre, pecore, galline, anatre, e tutte le altre specie che l&#8217;uomo ha creato e selezionato solo per un proprio obiettivo, un proprio utilizzo, peggiorando sempre\u00a0la loro qualit\u00e0 di vita, oltre che privandoli della libert\u00e0. Durante i processi di evoluzione sociale ed economica iniziati con il passaggio dalla vita nomade a quella sedentaria, l&#8217;essere umano ha pian piano sottratto alla vita libera animali selvatici e li ha \u201caddomesticati\u201d, modificando il proprio corpo, uccidendo la loro vitalit\u00e0, rendendoli cos\u00ec pi\u00f9 produttivi rispetto alle proprie esigenze. Ecco che sono stati creati i cani dai lupi, i maiali dai cinghiali, le galline domestiche da quelle selvatiche, e cos\u00ec via. Fortunatamente sempre pi\u00f9 persone mettono in discussione questo approccio egocentrico e antropocentrico, preferendone uno pi\u00f9 ecocentrico e biocentrico. L&#8217;uomo non pi\u00f9 padrone del pianeta e di tutte le sue risorse, ma parte di questo ecosistema ed in equilibrio con le sue leggi. Il risultato di questo cambiamento, di questa riconversione di vita, produce dei risultati, e uno dei pi\u00f9 importanti \u00e8 di riuscire a salvare un numero sempre maggiore di animali non umani altrimenti destinati ad una morte ingiusta. Dove vanno a finire tutti questi individui? Tanti in piccoli luoghi a gestione familiare, ma la maggior parte vengono accolti nei santuari, cercando di far vivere loro una vita degna di essere chiamata in questo modo. Un luogo per essere un santuario, deve ovviamente rispondere a certi requisiti ed \u00e8 per questo che \u00e8 stata sviluppata la \u201cCarta dei Valori\u201d.\" \/>\n<meta property=\"og:url\" content=\"https:\/\/www.animaliliberi.org\/site\/cosa-sono-i-santuari\/\" \/>\n<meta property=\"og:site_name\" content=\"Rete dei Santuari di Animali Liberi in Italia\" \/>\n<meta property=\"article:modified_time\" content=\"2021-05-12T15:18:26+00:00\" \/>\n<meta property=\"og:image\" content=\"https:\/\/www.animaliliberi.org\/site\/wp-content\/uploads\/2021\/05\/carezze.jpg\" \/>\n\t<meta property=\"og:image:width\" content=\"800\" \/>\n\t<meta property=\"og:image:height\" content=\"533\" \/>\n\t<meta property=\"og:image:type\" content=\"image\/jpeg\" \/>\n<meta name=\"twitter:label1\" content=\"Tempo di lettura stimato\" \/>\n\t<meta name=\"twitter:data1\" content=\"2 minuti\" \/>\n<script type=\"application\/ld+json\" class=\"yoast-schema-graph\">{\"@context\":\"https:\\\/\\\/schema.org\",\"@graph\":[{\"@type\":\"WebPage\",\"@id\":\"https:\\\/\\\/www.animaliliberi.org\\\/site\\\/cosa-sono-i-santuari\\\/\",\"url\":\"https:\\\/\\\/www.animaliliberi.org\\\/site\\\/cosa-sono-i-santuari\\\/\",\"name\":\"Cosa sono i santuari - Rete dei Santuari di Animali Liberi in Italia\",\"isPartOf\":{\"@id\":\"https:\\\/\\\/www.animaliliberi.org\\\/site\\\/#website\"},\"primaryImageOfPage\":{\"@id\":\"https:\\\/\\\/www.animaliliberi.org\\\/site\\\/cosa-sono-i-santuari\\\/#primaryimage\"},\"image\":{\"@id\":\"https:\\\/\\\/www.animaliliberi.org\\\/site\\\/cosa-sono-i-santuari\\\/#primaryimage\"},\"thumbnailUrl\":\"http:\\\/\\\/www.animaliliberi.org\\\/site\\\/wp-content\\\/uploads\\\/2021\\\/05\\\/carezze.jpg\",\"datePublished\":\"2014-10-24T08:38:15+00:00\",\"dateModified\":\"2021-05-12T15:18:26+00:00\",\"breadcrumb\":{\"@id\":\"https:\\\/\\\/www.animaliliberi.org\\\/site\\\/cosa-sono-i-santuari\\\/#breadcrumb\"},\"inLanguage\":\"it-IT\",\"potentialAction\":[{\"@type\":\"ReadAction\",\"target\":[\"https:\\\/\\\/www.animaliliberi.org\\\/site\\\/cosa-sono-i-santuari\\\/\"]}]},{\"@type\":\"ImageObject\",\"inLanguage\":\"it-IT\",\"@id\":\"https:\\\/\\\/www.animaliliberi.org\\\/site\\\/cosa-sono-i-santuari\\\/#primaryimage\",\"url\":\"http:\\\/\\\/www.animaliliberi.org\\\/site\\\/wp-content\\\/uploads\\\/2021\\\/05\\\/carezze.jpg\",\"contentUrl\":\"http:\\\/\\\/www.animaliliberi.org\\\/site\\\/wp-content\\\/uploads\\\/2021\\\/05\\\/carezze.jpg\"},{\"@type\":\"BreadcrumbList\",\"@id\":\"https:\\\/\\\/www.animaliliberi.org\\\/site\\\/cosa-sono-i-santuari\\\/#breadcrumb\",\"itemListElement\":[{\"@type\":\"ListItem\",\"position\":1,\"name\":\"Home\",\"item\":\"https:\\\/\\\/www.animaliliberi.org\\\/site\\\/\"},{\"@type\":\"ListItem\",\"position\":2,\"name\":\"Cosa sono i santuari\"}]},{\"@type\":\"WebSite\",\"@id\":\"https:\\\/\\\/www.animaliliberi.org\\\/site\\\/#website\",\"url\":\"https:\\\/\\\/www.animaliliberi.org\\\/site\\\/\",\"name\":\"Rete dei Santuari di Animali Liberi in Italia\",\"description\":\"\",\"potentialAction\":[{\"@type\":\"SearchAction\",\"target\":{\"@type\":\"EntryPoint\",\"urlTemplate\":\"https:\\\/\\\/www.animaliliberi.org\\\/site\\\/?s={search_term_string}\"},\"query-input\":{\"@type\":\"PropertyValueSpecification\",\"valueRequired\":true,\"valueName\":\"search_term_string\"}}],\"inLanguage\":\"it-IT\"}]}<\/script>\n<!-- \/ Yoast SEO plugin. -->","yoast_head_json":{"title":"Cosa sono i santuari - Rete dei Santuari di Animali Liberi in Italia","robots":{"index":"index","follow":"follow","max-snippet":"max-snippet:-1","max-image-preview":"max-image-preview:large","max-video-preview":"max-video-preview:-1"},"canonical":"https:\/\/www.animaliliberi.org\/site\/cosa-sono-i-santuari\/","og_locale":"it_IT","og_type":"article","og_title":"Cosa sono i santuari - Rete dei Santuari di Animali Liberi in Italia","og_description":"Un santuario \u00e8 un luogo di accoglienza per animali ex-da reddito in cerca di una casa, che nasce quindi in risposta ad una emergenza. Si trovano infatti rifugiati all&#8217;interno della struttura generalmente cavalli, asini, mucche, maiali, capre, pecore, galline, anatre, e tutte le altre specie che l&#8217;uomo ha creato e selezionato solo per un proprio obiettivo, un proprio utilizzo, peggiorando sempre\u00a0la loro qualit\u00e0 di vita, oltre che privandoli della libert\u00e0. Durante i processi di evoluzione sociale ed economica iniziati con il passaggio dalla vita nomade a quella sedentaria, l&#8217;essere umano ha pian piano sottratto alla vita libera animali selvatici e li ha \u201caddomesticati\u201d, modificando il proprio corpo, uccidendo la loro vitalit\u00e0, rendendoli cos\u00ec pi\u00f9 produttivi rispetto alle proprie esigenze. Ecco che sono stati creati i cani dai lupi, i maiali dai cinghiali, le galline domestiche da quelle selvatiche, e cos\u00ec via. Fortunatamente sempre pi\u00f9 persone mettono in discussione questo approccio egocentrico e antropocentrico, preferendone uno pi\u00f9 ecocentrico e biocentrico. L&#8217;uomo non pi\u00f9 padrone del pianeta e di tutte le sue risorse, ma parte di questo ecosistema ed in equilibrio con le sue leggi. Il risultato di questo cambiamento, di questa riconversione di vita, produce dei risultati, e uno dei pi\u00f9 importanti \u00e8 di riuscire a salvare un numero sempre maggiore di animali non umani altrimenti destinati ad una morte ingiusta. Dove vanno a finire tutti questi individui? Tanti in piccoli luoghi a gestione familiare, ma la maggior parte vengono accolti nei santuari, cercando di far vivere loro una vita degna di essere chiamata in questo modo. Un luogo per essere un santuario, deve ovviamente rispondere a certi requisiti ed \u00e8 per questo che \u00e8 stata sviluppata la \u201cCarta dei Valori\u201d.","og_url":"https:\/\/www.animaliliberi.org\/site\/cosa-sono-i-santuari\/","og_site_name":"Rete dei Santuari di Animali Liberi in Italia","article_modified_time":"2021-05-12T15:18:26+00:00","og_image":[{"width":800,"height":533,"url":"https:\/\/www.animaliliberi.org\/site\/wp-content\/uploads\/2021\/05\/carezze.jpg","type":"image\/jpeg"}],"twitter_misc":{"Tempo di lettura stimato":"2 minuti"},"schema":{"@context":"https:\/\/schema.org","@graph":[{"@type":"WebPage","@id":"https:\/\/www.animaliliberi.org\/site\/cosa-sono-i-santuari\/","url":"https:\/\/www.animaliliberi.org\/site\/cosa-sono-i-santuari\/","name":"Cosa sono i santuari - Rete dei Santuari di Animali Liberi in Italia","isPartOf":{"@id":"https:\/\/www.animaliliberi.org\/site\/#website"},"primaryImageOfPage":{"@id":"https:\/\/www.animaliliberi.org\/site\/cosa-sono-i-santuari\/#primaryimage"},"image":{"@id":"https:\/\/www.animaliliberi.org\/site\/cosa-sono-i-santuari\/#primaryimage"},"thumbnailUrl":"http:\/\/www.animaliliberi.org\/site\/wp-content\/uploads\/2021\/05\/carezze.jpg","datePublished":"2014-10-24T08:38:15+00:00","dateModified":"2021-05-12T15:18:26+00:00","breadcrumb":{"@id":"https:\/\/www.animaliliberi.org\/site\/cosa-sono-i-santuari\/#breadcrumb"},"inLanguage":"it-IT","potentialAction":[{"@type":"ReadAction","target":["https:\/\/www.animaliliberi.org\/site\/cosa-sono-i-santuari\/"]}]},{"@type":"ImageObject","inLanguage":"it-IT","@id":"https:\/\/www.animaliliberi.org\/site\/cosa-sono-i-santuari\/#primaryimage","url":"http:\/\/www.animaliliberi.org\/site\/wp-content\/uploads\/2021\/05\/carezze.jpg","contentUrl":"http:\/\/www.animaliliberi.org\/site\/wp-content\/uploads\/2021\/05\/carezze.jpg"},{"@type":"BreadcrumbList","@id":"https:\/\/www.animaliliberi.org\/site\/cosa-sono-i-santuari\/#breadcrumb","itemListElement":[{"@type":"ListItem","position":1,"name":"Home","item":"https:\/\/www.animaliliberi.org\/site\/"},{"@type":"ListItem","position":2,"name":"Cosa sono i santuari"}]},{"@type":"WebSite","@id":"https:\/\/www.animaliliberi.org\/site\/#website","url":"https:\/\/www.animaliliberi.org\/site\/","name":"Rete dei Santuari di Animali Liberi in Italia","description":"","potentialAction":[{"@type":"SearchAction","target":{"@type":"EntryPoint","urlTemplate":"https:\/\/www.animaliliberi.org\/site\/?s={search_term_string}"},"query-input":{"@type":"PropertyValueSpecification","valueRequired":true,"valueName":"search_term_string"}}],"inLanguage":"it-IT"}]}},"_links":{"self":[{"href":"https:\/\/www.animaliliberi.org\/site\/wp-json\/wp\/v2\/pages\/10","targetHints":{"allow":["GET"]}}],"collection":[{"href":"https:\/\/www.animaliliberi.org\/site\/wp-json\/wp\/v2\/pages"}],"about":[{"href":"https:\/\/www.animaliliberi.org\/site\/wp-json\/wp\/v2\/types\/page"}],"author":[{"embeddable":true,"href":"https:\/\/www.animaliliberi.org\/site\/wp-json\/wp\/v2\/users\/1"}],"replies":[{"embeddable":true,"href":"https:\/\/www.animaliliberi.org\/site\/wp-json\/wp\/v2\/comments?post=10"}],"version-history":[{"count":3,"href":"https:\/\/www.animaliliberi.org\/site\/wp-json\/wp\/v2\/pages\/10\/revisions"}],"predecessor-version":[{"id":904,"href":"https:\/\/www.animaliliberi.org\/site\/wp-json\/wp\/v2\/pages\/10\/revisions\/904"}],"wp:attachment":[{"href":"https:\/\/www.animaliliberi.org\/site\/wp-json\/wp\/v2\/media?parent=10"}],"curies":[{"name":"wp","href":"https:\/\/api.w.org\/{rel}","templated":true}]}}