{"version":"1.0","provider_name":"Rete dei Santuari di Animali Liberi in Italia","provider_url":"https:\/\/www.animaliliberi.org\/site","title":"NO ALLEVAMENTO A TRAVACO\u2019 SICCOMARIO! - Rete dei Santuari di Animali Liberi in Italia","type":"rich","width":600,"height":338,"html":"<blockquote class=\"wp-embedded-content\" data-secret=\"7ULkxedKAy\"><a href=\"https:\/\/www.animaliliberi.org\/site\/no-allevamento-a-travaco-siccomario\/\">NO ALLEVAMENTO A TRAVACO\u2019 SICCOMARIO!<\/a><\/blockquote><iframe sandbox=\"allow-scripts\" security=\"restricted\" src=\"https:\/\/www.animaliliberi.org\/site\/no-allevamento-a-travaco-siccomario\/embed\/#?secret=7ULkxedKAy\" width=\"600\" height=\"338\" title=\"&#8220;NO ALLEVAMENTO A TRAVACO\u2019 SICCOMARIO!&#8221; &#8212; Rete dei Santuari di Animali Liberi in Italia\" data-secret=\"7ULkxedKAy\" frameborder=\"0\" marginwidth=\"0\" marginheight=\"0\" scrolling=\"no\" class=\"wp-embedded-content\"><\/iframe><script type=\"text\/javascript\">\n\/* <![CDATA[ *\/\n\/*! This file is auto-generated *\/\n!function(d,l){\"use strict\";l.querySelector&&d.addEventListener&&\"undefined\"!=typeof URL&&(d.wp=d.wp||{},d.wp.receiveEmbedMessage||(d.wp.receiveEmbedMessage=function(e){var t=e.data;if((t||t.secret||t.message||t.value)&&!\/[^a-zA-Z0-9]\/.test(t.secret)){for(var s,r,n,a=l.querySelectorAll('iframe[data-secret=\"'+t.secret+'\"]'),o=l.querySelectorAll('blockquote[data-secret=\"'+t.secret+'\"]'),c=new RegExp(\"^https?:$\",\"i\"),i=0;i<o.length;i++)o[i].style.display=\"none\";for(i=0;i<a.length;i++)s=a[i],e.source===s.contentWindow&&(s.removeAttribute(\"style\"),\"height\"===t.message?(1e3<(r=parseInt(t.value,10))?r=1e3:~~r<200&&(r=200),s.height=r):\"link\"===t.message&&(r=new URL(s.getAttribute(\"src\")),n=new URL(t.value),c.test(n.protocol))&&n.host===r.host&&l.activeElement===s&&(d.top.location.href=t.value))}},d.addEventListener(\"message\",d.wp.receiveEmbedMessage,!1),l.addEventListener(\"DOMContentLoaded\",function(){for(var e,t,s=l.querySelectorAll(\"iframe.wp-embedded-content\"),r=0;r<s.length;r++)(t=(e=s[r]).getAttribute(\"data-secret\"))||(t=Math.random().toString(36).substring(2,12),e.src+=\"#?secret=\"+t,e.setAttribute(\"data-secret\",t)),e.contentWindow.postMessage({message:\"ready\",secret:t},\"*\")},!1)))}(window,document);\n\/\/# sourceURL=https:\/\/www.animaliliberi.org\/site\/wp-includes\/js\/wp-embed.min.js\n\/* ]]> *\/\n<\/script>\n","thumbnail_url":"https:\/\/www.animaliliberi.org\/site\/wp-content\/uploads\/2025\/09\/NON-FACCIAMOCI-SPENNARE-Post-di-Facebook-3.png","thumbnail_width":940,"thumbnail_height":788,"description":"A Travac\u00f2 (PV), in area Parco del Ticino, \u00e8 stato presentato un progetto per avviare un impianto da 39.000 galline ovaiole. Il Comitato No Allevamento Travac\u00f2 ha organizzato una manifestazione sostenuta da LAV Oltrep\u00f2 Pavese, Legambiente Pavia \u201cIl Barc\u00e8\u201d, Legambiente Vogher\u00e0 Oltrep\u00f2, WWF, ENPA, LIPU, Rete dei Santuari, LEIDAA, Fridays for Future, Pavia Antispecista, LNDC, Vivere Tra 2 Fiumi, oltre che da altre associazioni ambientaliste e animaliste. Il corteo si terr\u00e0 il 14 settembre, alle ore 16, partir\u00e0 da Via Marconi a Travac\u00f2 e attraverser\u00e0 le varie frazioni del paese, come attivit\u00e0 di sensibilizzazione verso il bellissimo territorio travacolino che non deve essere deturpato dalla presenza di un allevamento avicolo ad alta densit\u00e0. La manifestazione sar\u00e0 inoltre occasione per rilanciare l\u2019appuntamento di luned\u00ec 15 settembre alle ore 18.30 in Piazza Santa Maria a Travac\u00f2, dove si terr\u00e0 la votazione popolare. PERCHE&#8217; DIRE NO Gli animali \u2013 L\u2019allevamento intensivo condanna gli animali a vivere in spazi sovraffollati, privati della possibilit\u00e0 di esprimere i loro comportamenti naturali. L\u2019ambiente \u2013 Emissioni, consumo di acqua, produzione di rifiuti e rischio di inquinamento del suolo e delle falde, disturbo della fauna selvatica del Parco. La salute pubblica \u2013 Gli allevamenti intensivi aumentano il rischio di zoonosi e diffusione di patogeni, con possibili impatti sulla salute di tutti. La qualit\u00e0 della vita \u2013 Odori, traffico di mezzi pesanti, impatto paesaggistico, deprezzamento del valore delle case, prossimit\u00e0 a strutture sensibili come il canile-rifugio locale. SCARICA QUI IL COMUNICATO STAMPA"}

A Travacò (PV), in area Parco del Ticino, è stato presentato un progetto per avviare un impianto da 39.000 galline ovaiole. Il Comitato No Allevamento Travacò ha organizzato una manifestazione sostenuta da LAV Oltrepò Pavese, Legambiente Pavia “Il Barcè”, Legambiente Vogherà Oltrepò, WWF, ENPA, LIPU, Rete dei Santuari, LEIDAA, Fridays for Future, Pavia Antispecista, LNDC, Vivere Tra 2 Fiumi, oltre che da altre associazioni ambientaliste e animaliste. Il corteo si terrà il 14 settembre, alle ore 16, partirà da Via Marconi a Travacò e attraverserà le varie frazioni del paese, come attività di sensibilizzazione verso il bellissimo territorio travacolino che non deve essere deturpato dalla presenza di un allevamento avicolo ad alta densità. La manifestazione sarà inoltre occasione per rilanciare l’appuntamento di lunedì 15 settembre alle ore 18.30 in Piazza Santa Maria a Travacò, dove si terrà la votazione popolare. PERCHE&#8217; DIRE NO Gli animali – L’allevamento intensivo condanna gli animali a vivere in spazi sovraffollati, privati della possibilità di esprimere i loro comportamenti naturali. L’ambiente – Emissioni, consumo di acqua, produzione di rifiuti e rischio di inquinamento del suolo e delle falde, disturbo della fauna selvatica del Parco. La salute pubblica – Gli allevamenti intensivi aumentano il rischio di zoonosi e diffusione di patogeni, con possibili impatti sulla salute di tutti. La qualità della vita – Odori, traffico di mezzi pesanti, impatto paesaggistico, deprezzamento del valore delle case, prossimità a strutture sensibili come il canile-rifugio locale. SCARICA QUI IL COMUNICATO STAMPA
